{"id":77,"date":"2024-06-21T00:46:01","date_gmt":"2024-06-20T22:46:01","guid":{"rendered":"https:\/\/astridsbienen.at\/?page_id=77"},"modified":"2025-11-02T22:17:47","modified_gmt":"2025-11-02T21:17:47","slug":"produkte","status":"publish","type":"page","link":"https:\/\/astridsbienen.at\/index.php\/produkte\/","title":{"rendered":"Produkte"},"content":{"rendered":"<p>Unsere Produkte<\/p>\n<p>\n\n\n<\/p>\n<p class=\"is-nowrap is-layout-flex wp-container-core-group-is-layout-ad2f72ca wp-block-group-is-layout-flex\">\n\n<\/p>\n<figure><img decoding=\"async\" src=\"https:\/\/astridsbienen.at\/wp-content\/uploads\/2024\/06\/IMG_20230131_175815-1-2048x1536.jpg\" alt=\"\"><\/figure>\n<p>\n\n<\/p>\n<h3 class=\"wp-block-heading\"><strong>Bl\u00fctenhonig<\/strong><\/h3>\n<p>\n\n\n<\/p>\n<p><em>Erh\u00e4ltlich in 250g, 500g und 1kg Gl\u00e4sern.<\/em><\/p>\n<p>\n\n\n<\/p>\n<p>Mild-W\u00fcrziger Bl\u00fctenhonig aus der Fr\u00fchjahrestracht unserer Bienen. Gesammelt wird dieser von den flei\u00dfigen Bienen in unserer eignen Streuobstwiesen welche komplett ohne Spritzmittel oder k\u00fcnstlichen D\u00fcnger auskommen und damit eine ideale Futterquelle f\u00fcr unsere Bienen ist.<\/p>\n<p>\n\n\n<\/p>\n<p class=\"is-layout-flex wp-block-buttons-is-layout-flex\">\n\n<\/p>\n<a href=\"mailto:astridhennerfeind@gmx.at\">Kontaktiere uns<\/a><p>\n\n\n<\/p>\n<a href=\"https:\/\/wa.me\/068110550918?text=Hallo! Ich m\u00f6chte gerne Waldhonig bestellen :)\">Whatsapp<\/a>\n<p>\n\n<\/p>\n<p>\n\n<\/p>\n<p>\n\n\n<\/p>\n<p>\n\n<\/p>\n<p>\n\n\n\n<\/p>\n<p class=\"is-nowrap is-layout-flex wp-container-core-group-is-layout-ad2f72ca wp-block-group-is-layout-flex\">\n\n<\/p>\n<p>\n\n<\/p>\n<p>\n\n\n<\/p>\n<h3 class=\"wp-block-heading\"><strong>Waldhonig<\/strong><\/h3>\n<p>\n\n\n<\/p>\n<p><em>Erh\u00e4ltlich je nach Verf\u00fcgbarkeit in 500g und 1kg Gl\u00e4sern.<\/em><\/p>\n<p>\n\n\n<\/p>\n<p>Unser Waldhonig wird in den malerischen Fichten- und Tannenw\u00e4ldern des Voralpenlandes, speziell in der wundersch\u00f6nen Schneebergregion, sorgf\u00e4ltig gesammelt. Dieser kr\u00e4ftig-w\u00fcrzige Waldhonig zeichnet sich durch seinen einzigartigen Geschmack und seine aromatische Vielfalt aus.<\/p>\n<p>\n\n\n<\/p>\n<p>Sein intensives Aroma und die ausgeglichene S\u00fc\u00dfe machen ihn zu einem besonderen Genuss f\u00fcr Honigliebhaber.<\/p>\n<p>\n\n\n<\/p>\n<p>Waldhonig ist nicht nur k\u00f6stlich, sondern auch reich an wertvollen N\u00e4hrstoffen. Perfekt f\u00fcr das Fr\u00fchst\u00fcck auf frischem Brot, als Zutat in Tees oder zum Verfeinern von Gerichten.<\/p>\n<p>\n\n\n<\/p>\n<p class=\"is-layout-flex wp-block-buttons-is-layout-flex\">\n\n<\/p>\n<a href=\"mailto:astridhennerfeind@gmx.at\">Kontaktiere uns<\/a><p>\n\n\n<\/p>\n<a href=\"https:\/\/wa.me\/068110550918?text=Hallo! Ich m\u00f6chte gerne Waldhonig bestellen :)\">Whatsapp<\/a>\n<p>\n\n<\/p>\n<p>\n\n\n<\/p>\n<p>\n\n<\/p>\n<figure><img decoding=\"async\" src=\"https:\/\/astridsbienen.at\/wp-content\/uploads\/2024\/10\/20241025_010637-min-2048x1536.jpg\" alt=\"\"><\/figure>\n<p>\n\n<\/p>\n<p>\n\n\n\n<\/p>\n<p>\n\n<\/p>\n<p class=\"is-layout-flex wp-container-core-columns-is-layout-9d6595d7 wp-block-columns-is-layout-flex\">\n\n<\/p>\n&nbsp;\n<p class=\"is-layout-flow wp-block-column-is-layout-flow\">\n\n<\/p>\n<p>\n\n<\/p>\n<p>\n\n\n\n<\/p>\n&nbsp;\n<p>\n\n\n<\/p>\n\n\n<p><\/p>\n","protected":false},"excerpt":{"rendered":"<p>Unsere Produkte Bl\u00fctenhonig Erh\u00e4ltlich in 250g, 500g und 1kg Gl\u00e4sern. Mild-W\u00fcrziger Bl\u00fctenhonig aus der Fr\u00fchjahrestracht unserer Bienen. Gesammelt wird dieser von den flei\u00dfigen Bienen in unserer eignen Streuobstwiesen welche komplett ohne Spritzmittel oder k\u00fcnstlichen D\u00fcnger auskommen und damit eine ideale Futterquelle f\u00fcr unsere Bienen ist. Waldhonig Erh\u00e4ltlich je nach Verf\u00fcgbarkeit in 500g und 1kg Gl\u00e4sern. [&hellip;]<\/p>\n","protected":false},"author":1,"featured_media":3566,"parent":0,"menu_order":0,"comment_status":"closed","ping_status":"closed","template":"","meta":{"_sitemap_exclude":false,"_sitemap_priority":"","_sitemap_frequency":"","iawp_total_views":31,"footnotes":""},"class_list":["post-77","page","type-page","status-publish","has-post-thumbnail","hentry"],"yoast_head":"<!-- This site is optimized with the Yoast SEO plugin v25.0 - https:\/\/yoast.com\/wordpress\/plugins\/seo\/ -->\n<title>Honig kaufen W\u00f6llersdorf \u2013 Bl\u00fcten- &amp; Waldhonig direkt<\/title>\n<meta name=\"description\" content=\"Honig kaufen in W\u00f6llersdorf: Regionaler Bl\u00fcten- &amp; Waldhonig direkt von der Imkerei Astrid Hennerfeind. 100 % naturbelassen, aromatisch &amp; frisch geerntet.\" \/>\n<meta name=\"robots\" content=\"index, follow, max-snippet:-1, max-image-preview:large, max-video-preview:-1\" \/>\n<link rel=\"canonical\" href=\"https:\/\/astridsbienen.at\/index.php\/produkte\/\" \/>\n<meta property=\"og:locale\" content=\"de_DE\" \/>\n<meta property=\"og:type\" content=\"article\" \/>\n<meta property=\"og:title\" content=\"Honig kaufen W\u00f6llersdorf \u2013 Bl\u00fcten- &amp; Waldhonig direkt\" \/>\n<meta property=\"og:description\" content=\"Honig kaufen in W\u00f6llersdorf: Regionaler Bl\u00fcten- &amp; Waldhonig direkt von der Imkerei Astrid Hennerfeind. 100 % naturbelassen, aromatisch &amp; frisch geerntet.\" \/>\n<meta property=\"og:url\" content=\"https:\/\/astridsbienen.at\/index.php\/produkte\/\" \/>\n<meta property=\"og:site_name\" content=\"Imkerei Astrid Hennerfeind\" \/>\n<meta property=\"article:modified_time\" content=\"2025-11-02T21:17:47+00:00\" \/>\n<meta property=\"og:image\" content=\"https:\/\/astridsbienen.at\/wp-content\/uploads\/2025\/05\/IMG_20240622_132204-scaled-e1747864527463.jpg\" \/>\n\t<meta property=\"og:image:width\" content=\"2560\" \/>\n\t<meta property=\"og:image:height\" content=\"1417\" \/>\n\t<meta property=\"og:image:type\" content=\"image\/jpeg\" \/>\n<meta name=\"twitter:card\" content=\"summary_large_image\" \/>\n<meta name=\"twitter:label1\" content=\"Gesch\u00e4tzte Lesezeit\" \/>\n\t<meta name=\"twitter:data1\" content=\"2\u00a0Minuten\" \/>\n<!-- \/ Yoast SEO plugin. -->","yoast_head_json":{"title":"Honig kaufen W\u00f6llersdorf \u2013 Bl\u00fcten- & Waldhonig direkt","description":"Honig kaufen in W\u00f6llersdorf: Regionaler Bl\u00fcten- & Waldhonig direkt von der Imkerei Astrid Hennerfeind. 100 % naturbelassen, aromatisch & frisch geerntet.","robots":{"index":"index","follow":"follow","max-snippet":"max-snippet:-1","max-image-preview":"max-image-preview:large","max-video-preview":"max-video-preview:-1"},"canonical":"https:\/\/astridsbienen.at\/index.php\/produkte\/","og_locale":"de_DE","og_type":"article","og_title":"Honig kaufen W\u00f6llersdorf \u2013 Bl\u00fcten- & Waldhonig direkt","og_description":"Honig kaufen in W\u00f6llersdorf: Regionaler Bl\u00fcten- & Waldhonig direkt von der Imkerei Astrid Hennerfeind. 100 % naturbelassen, aromatisch & frisch geerntet.","og_url":"https:\/\/astridsbienen.at\/index.php\/produkte\/","og_site_name":"Imkerei Astrid Hennerfeind","article_modified_time":"2025-11-02T21:17:47+00:00","og_image":[{"width":2560,"height":1417,"url":"https:\/\/astridsbienen.at\/wp-content\/uploads\/2025\/05\/IMG_20240622_132204-scaled-e1747864527463.jpg","type":"image\/jpeg"}],"twitter_card":"summary_large_image","twitter_misc":{"Gesch\u00e4tzte Lesezeit":"2\u00a0Minuten"},"schema":{"@context":"https:\/\/schema.org","@graph":[{"@type":"WebPage","@id":"https:\/\/astridsbienen.at\/index.php\/produkte\/","url":"https:\/\/astridsbienen.at\/index.php\/produkte\/","name":"Honig kaufen W\u00f6llersdorf \u2013 Bl\u00fcten- & Waldhonig direkt","isPartOf":{"@id":"https:\/\/astridsbienen.at\/#website"},"primaryImageOfPage":{"@id":"https:\/\/astridsbienen.at\/index.php\/produkte\/#primaryimage"},"image":{"@id":"https:\/\/astridsbienen.at\/index.php\/produkte\/#primaryimage"},"thumbnailUrl":"https:\/\/astridsbienen.at\/wp-content\/uploads\/2025\/05\/IMG_20240622_132204-scaled-e1747864527463.jpg","datePublished":"2024-06-20T22:46:01+00:00","dateModified":"2025-11-02T21:17:47+00:00","description":"Honig kaufen in W\u00f6llersdorf: Regionaler Bl\u00fcten- & Waldhonig direkt von der Imkerei Astrid Hennerfeind. 100 % naturbelassen, aromatisch & frisch geerntet.","breadcrumb":{"@id":"https:\/\/astridsbienen.at\/index.php\/produkte\/#breadcrumb"},"inLanguage":"de","potentialAction":[{"@type":"ReadAction","target":["https:\/\/astridsbienen.at\/index.php\/produkte\/"]}]},{"@type":"ImageObject","inLanguage":"de","@id":"https:\/\/astridsbienen.at\/index.php\/produkte\/#primaryimage","url":"https:\/\/astridsbienen.at\/wp-content\/uploads\/2025\/05\/IMG_20240622_132204-scaled-e1747864527463.jpg","contentUrl":"https:\/\/astridsbienen.at\/wp-content\/uploads\/2025\/05\/IMG_20240622_132204-scaled-e1747864527463.jpg","width":2560,"height":1417},{"@type":"BreadcrumbList","@id":"https:\/\/astridsbienen.at\/index.php\/produkte\/#breadcrumb","itemListElement":[{"@type":"ListItem","position":1,"name":"Home","item":"https:\/\/astridsbienen.at\/"},{"@type":"ListItem","position":2,"name":"Produkte"}]},{"@type":"WebSite","@id":"https:\/\/astridsbienen.at\/#website","url":"https:\/\/astridsbienen.at\/","name":"Imkerei Astrids Bienen aus W\u00f6llersdorf-Steinabr\u00fcckl","description":"Unsere Imkerei liegt am Beginn des malerischen Piestingtales in W\u00f6llersdorf, Wiener Neustadt Land.","publisher":{"@id":"https:\/\/astridsbienen.at\/#organization"},"alternateName":"Unsere Imkerei liegt am Beginn des malerischen Piestingtales in W\u00f6llersdorf, Wiener Neustadt Land.","potentialAction":[{"@type":"SearchAction","target":{"@type":"EntryPoint","urlTemplate":"https:\/\/astridsbienen.at\/?s={search_term_string}"},"query-input":{"@type":"PropertyValueSpecification","valueRequired":true,"valueName":"search_term_string"}}],"inLanguage":"de"},{"@type":"Organization","@id":"https:\/\/astridsbienen.at\/#organization","name":"Imkerei Astrids Bienen","url":"https:\/\/astridsbienen.at\/","logo":{"@type":"ImageObject","inLanguage":"de","@id":"https:\/\/astridsbienen.at\/#\/schema\/logo\/image\/","url":"https:\/\/astridsbienen.at\/wp-content\/uploads\/2024\/10\/cropped-cropped-trans_bg.png","contentUrl":"https:\/\/astridsbienen.at\/wp-content\/uploads\/2024\/10\/cropped-cropped-trans_bg.png","width":512,"height":512,"caption":"Imkerei Astrids Bienen"},"image":{"@id":"https:\/\/astridsbienen.at\/#\/schema\/logo\/image\/"}}]}},"_links":{"self":[{"href":"https:\/\/astridsbienen.at\/index.php\/wp-json\/wp\/v2\/pages\/77","targetHints":{"allow":["GET"]}}],"collection":[{"href":"https:\/\/astridsbienen.at\/index.php\/wp-json\/wp\/v2\/pages"}],"about":[{"href":"https:\/\/astridsbienen.at\/index.php\/wp-json\/wp\/v2\/types\/page"}],"author":[{"embeddable":true,"href":"https:\/\/astridsbienen.at\/index.php\/wp-json\/wp\/v2\/users\/1"}],"replies":[{"embeddable":true,"href":"https:\/\/astridsbienen.at\/index.php\/wp-json\/wp\/v2\/comments?post=77"}],"version-history":[{"count":28,"href":"https:\/\/astridsbienen.at\/index.php\/wp-json\/wp\/v2\/pages\/77\/revisions"}],"predecessor-version":[{"id":3755,"href":"https:\/\/astridsbienen.at\/index.php\/wp-json\/wp\/v2\/pages\/77\/revisions\/3755"}],"wp:featuredmedia":[{"embeddable":true,"href":"https:\/\/astridsbienen.at\/index.php\/wp-json\/wp\/v2\/media\/3566"}],"wp:attachment":[{"href":"https:\/\/astridsbienen.at\/index.php\/wp-json\/wp\/v2\/media?parent=77"}],"curies":[{"name":"wp","href":"https:\/\/api.w.org\/{rel}","templated":true}]}}