{"id":3745,"date":"2025-11-02T22:00:20","date_gmt":"2025-11-02T21:00:20","guid":{"rendered":"https:\/\/astridsbienen.at\/?post_type=product&#038;p=3745"},"modified":"2025-12-16T22:51:06","modified_gmt":"2025-12-16T21:51:06","slug":"bienenwachskerze-weihnachtsbaum-ilex","status":"publish","type":"product","link":"https:\/\/astridsbienen.at\/index.php\/produkt\/bienenwachskerze-weihnachtsbaum-ilex\/","title":{"rendered":"Bienenwachskerze &#8220;Weihnachtsbaum ilex&#8221;"},"content":{"rendered":"<p>Ein liebevoll gestalteter Weihnachtsbaum aus reinem Bienenwachs, verziert mit feinen Ilex-Details. Diese Kerze vereint Handwerkskunst mit nat\u00fcrlicher Sch\u00f6nheit und verstr\u00f6mt beim Abbrennen einen warmen, festlichen Duft \u2013 ideal f\u00fcr den Adventskranz oder als besonderer Hingucker auf dem Festtagstisch.<\/p>\n","protected":false},"excerpt":{"rendered":"<p>Ein liebevoll gestalteter Weihnachtsbaum aus reinem Bienenwachs, verziert mit feinen Ilex-Details. Diese Kerze vereint Handwerkskunst mit nat\u00fcrlicher Sch\u00f6nheit und verstr\u00f6mt beim Abbrennen einen warmen, festlichen Duft \u2013 ideal f\u00fcr den Adventskranz oder als besonderer Hingucker auf dem Festtagstisch.<\/p>\n","protected":false},"featured_media":3746,"template":"","meta":{"_sitemap_exclude":false,"_sitemap_priority":"","_sitemap_frequency":"","iawp_total_views":1},"product_brand":[],"product_cat":[46,50],"product_tag":[],"class_list":{"0":"post-3745","1":"product","2":"type-product","3":"status-publish","4":"has-post-thumbnail","6":"product_cat-bienenwachskerzen","7":"product_cat-weihnachten","9":"first","10":"instock","11":"shipping-taxable","12":"purchasable","13":"product-type-simple"},"yoast_head":"<!-- This site is optimized with the Yoast SEO plugin v25.0 - https:\/\/yoast.com\/wordpress\/plugins\/seo\/ -->\n<title>Bienenwachskerze &quot;Weihnachtsbaum ilex&quot; - Imkerei Astrid Hennerfeind<\/title>\n<meta name=\"description\" content=\"Weihnachtliche Bienenwachskerze mit Ilex-Motiv. Handgegossen, nachhaltig und duftend \u2013 perfekte Kerze f\u00fcr Advent und Festtagstisch.\" \/>\n<meta name=\"robots\" content=\"index, follow, max-snippet:-1, max-image-preview:large, max-video-preview:-1\" \/>\n<link rel=\"canonical\" href=\"https:\/\/astridsbienen.at\/index.php\/produkt\/bienenwachskerze-weihnachtsbaum-ilex\/\" \/>\n<meta property=\"og:locale\" content=\"de_DE\" \/>\n<meta property=\"og:type\" content=\"article\" \/>\n<meta property=\"og:title\" content=\"Bienenwachskerze &quot;Weihnachtsbaum ilex&quot; - Imkerei Astrid Hennerfeind\" \/>\n<meta property=\"og:description\" content=\"Weihnachtliche Bienenwachskerze mit Ilex-Motiv. Handgegossen, nachhaltig und duftend \u2013 perfekte Kerze f\u00fcr Advent und Festtagstisch.\" \/>\n<meta property=\"og:url\" content=\"https:\/\/astridsbienen.at\/index.php\/produkt\/bienenwachskerze-weihnachtsbaum-ilex\/\" \/>\n<meta property=\"og:site_name\" content=\"Imkerei Astrid Hennerfeind\" \/>\n<meta property=\"article:modified_time\" content=\"2025-12-16T21:51:06+00:00\" \/>\n<meta property=\"og:image\" content=\"https:\/\/astridsbienen.at\/wp-content\/uploads\/2025\/11\/20251031_205909-scaled.jpg\" \/>\n\t<meta property=\"og:image:width\" content=\"2560\" \/>\n\t<meta property=\"og:image:height\" content=\"1920\" \/>\n\t<meta property=\"og:image:type\" content=\"image\/jpeg\" \/>\n<meta name=\"twitter:card\" content=\"summary_large_image\" \/>\n<meta name=\"twitter:label1\" content=\"Gesch\u00e4tzte Lesezeit\" \/>\n\t<meta name=\"twitter:data1\" content=\"1\u00a0Minute\" \/>\n<!-- \/ Yoast SEO plugin. -->","yoast_head_json":{"title":"Bienenwachskerze \"Weihnachtsbaum ilex\" - Imkerei Astrid Hennerfeind","description":"Weihnachtliche Bienenwachskerze mit Ilex-Motiv. Handgegossen, nachhaltig und duftend \u2013 perfekte Kerze f\u00fcr Advent und Festtagstisch.","robots":{"index":"index","follow":"follow","max-snippet":"max-snippet:-1","max-image-preview":"max-image-preview:large","max-video-preview":"max-video-preview:-1"},"canonical":"https:\/\/astridsbienen.at\/index.php\/produkt\/bienenwachskerze-weihnachtsbaum-ilex\/","og_locale":"de_DE","og_type":"article","og_title":"Bienenwachskerze \"Weihnachtsbaum ilex\" - Imkerei Astrid Hennerfeind","og_description":"Weihnachtliche Bienenwachskerze mit Ilex-Motiv. Handgegossen, nachhaltig und duftend \u2013 perfekte Kerze f\u00fcr Advent und Festtagstisch.","og_url":"https:\/\/astridsbienen.at\/index.php\/produkt\/bienenwachskerze-weihnachtsbaum-ilex\/","og_site_name":"Imkerei Astrid Hennerfeind","article_modified_time":"2025-12-16T21:51:06+00:00","og_image":[{"width":2560,"height":1920,"url":"https:\/\/astridsbienen.at\/wp-content\/uploads\/2025\/11\/20251031_205909-scaled.jpg","type":"image\/jpeg"}],"twitter_card":"summary_large_image","twitter_misc":{"Gesch\u00e4tzte Lesezeit":"1\u00a0Minute"},"schema":{"@context":"https:\/\/schema.org","@graph":[{"@type":"WebPage","@id":"https:\/\/astridsbienen.at\/index.php\/produkt\/bienenwachskerze-weihnachtsbaum-ilex\/","url":"https:\/\/astridsbienen.at\/index.php\/produkt\/bienenwachskerze-weihnachtsbaum-ilex\/","name":"Bienenwachskerze \"Weihnachtsbaum ilex\" - Imkerei Astrid Hennerfeind","isPartOf":{"@id":"https:\/\/astridsbienen.at\/#website"},"primaryImageOfPage":{"@id":"https:\/\/astridsbienen.at\/index.php\/produkt\/bienenwachskerze-weihnachtsbaum-ilex\/#primaryimage"},"image":{"@id":"https:\/\/astridsbienen.at\/index.php\/produkt\/bienenwachskerze-weihnachtsbaum-ilex\/#primaryimage"},"thumbnailUrl":"https:\/\/astridsbienen.at\/wp-content\/uploads\/2025\/11\/20251031_205909-scaled.jpg","datePublished":"2025-11-02T21:00:20+00:00","dateModified":"2025-12-16T21:51:06+00:00","description":"Weihnachtliche Bienenwachskerze mit Ilex-Motiv. Handgegossen, nachhaltig und duftend \u2013 perfekte Kerze f\u00fcr Advent und Festtagstisch.","breadcrumb":{"@id":"https:\/\/astridsbienen.at\/index.php\/produkt\/bienenwachskerze-weihnachtsbaum-ilex\/#breadcrumb"},"inLanguage":"de","potentialAction":[{"@type":"ReadAction","target":["https:\/\/astridsbienen.at\/index.php\/produkt\/bienenwachskerze-weihnachtsbaum-ilex\/"]}]},{"@type":"ImageObject","inLanguage":"de","@id":"https:\/\/astridsbienen.at\/index.php\/produkt\/bienenwachskerze-weihnachtsbaum-ilex\/#primaryimage","url":"https:\/\/astridsbienen.at\/wp-content\/uploads\/2025\/11\/20251031_205909-scaled.jpg","contentUrl":"https:\/\/astridsbienen.at\/wp-content\/uploads\/2025\/11\/20251031_205909-scaled.jpg","width":2560,"height":1920},{"@type":"BreadcrumbList","@id":"https:\/\/astridsbienen.at\/index.php\/produkt\/bienenwachskerze-weihnachtsbaum-ilex\/#breadcrumb","itemListElement":[{"@type":"ListItem","position":1,"name":"Home","item":"https:\/\/astridsbienen.at\/"},{"@type":"ListItem","position":2,"name":"Shop","item":"https:\/\/astridsbienen.at\/index.php\/produkte-aus-unserer-imkerei\/"},{"@type":"ListItem","position":3,"name":"Bienenwachskerze &#8220;Weihnachtsbaum ilex&#8221;"}]},{"@type":"WebSite","@id":"https:\/\/astridsbienen.at\/#website","url":"https:\/\/astridsbienen.at\/","name":"Imkerei Astrids Bienen aus W\u00f6llersdorf-Steinabr\u00fcckl","description":"Unsere Imkerei liegt am Beginn des malerischen Piestingtales in W\u00f6llersdorf, Wiener Neustadt Land.","publisher":{"@id":"https:\/\/astridsbienen.at\/#organization"},"alternateName":"Unsere Imkerei liegt am Beginn des malerischen Piestingtales in W\u00f6llersdorf, Wiener Neustadt Land.","potentialAction":[{"@type":"SearchAction","target":{"@type":"EntryPoint","urlTemplate":"https:\/\/astridsbienen.at\/?s={search_term_string}"},"query-input":{"@type":"PropertyValueSpecification","valueRequired":true,"valueName":"search_term_string"}}],"inLanguage":"de"},{"@type":"Organization","@id":"https:\/\/astridsbienen.at\/#organization","name":"Imkerei Astrids Bienen","url":"https:\/\/astridsbienen.at\/","logo":{"@type":"ImageObject","inLanguage":"de","@id":"https:\/\/astridsbienen.at\/#\/schema\/logo\/image\/","url":"https:\/\/astridsbienen.at\/wp-content\/uploads\/2024\/10\/cropped-cropped-trans_bg.png","contentUrl":"https:\/\/astridsbienen.at\/wp-content\/uploads\/2024\/10\/cropped-cropped-trans_bg.png","width":512,"height":512,"caption":"Imkerei Astrids Bienen"},"image":{"@id":"https:\/\/astridsbienen.at\/#\/schema\/logo\/image\/"}}]}},"_links":{"self":[{"href":"https:\/\/astridsbienen.at\/index.php\/wp-json\/wp\/v2\/product\/3745","targetHints":{"allow":["GET"]}}],"collection":[{"href":"https:\/\/astridsbienen.at\/index.php\/wp-json\/wp\/v2\/product"}],"about":[{"href":"https:\/\/astridsbienen.at\/index.php\/wp-json\/wp\/v2\/types\/product"}],"wp:featuredmedia":[{"embeddable":true,"href":"https:\/\/astridsbienen.at\/index.php\/wp-json\/wp\/v2\/media\/3746"}],"wp:attachment":[{"href":"https:\/\/astridsbienen.at\/index.php\/wp-json\/wp\/v2\/media?parent=3745"}],"wp:term":[{"taxonomy":"product_brand","embeddable":true,"href":"https:\/\/astridsbienen.at\/index.php\/wp-json\/wp\/v2\/product_brand?post=3745"},{"taxonomy":"product_cat","embeddable":true,"href":"https:\/\/astridsbienen.at\/index.php\/wp-json\/wp\/v2\/product_cat?post=3745"},{"taxonomy":"product_tag","embeddable":true,"href":"https:\/\/astridsbienen.at\/index.php\/wp-json\/wp\/v2\/product_tag?post=3745"}],"curies":[{"name":"wp","href":"https:\/\/api.w.org\/{rel}","templated":true}]}}